{"id":69,"date":"2018-06-09T18:12:14","date_gmt":"2018-06-09T17:12:14","guid":{"rendered":"http:\/\/musikschule-wrede.de\/?page_id=69"},"modified":"2018-06-10T09:35:33","modified_gmt":"2018-06-10T08:35:33","slug":"yamaha-music-education-system","status":"publish","type":"page","link":"http:\/\/musikschule-wrede.de\/?page_id=69","title":{"rendered":"Yamaha Music Education System"},"content":{"rendered":"<div id=\"content\">\n<p>Das Yamaha Music Education System besteht aus einem systematischen Curriculum f\u00fcr Kinder im Vorschul- und Schulalter, das einen Zeitraum von sieben Jahren umfasst. Grundlage oder \u201eHerzst\u00fcck\u201c dieses Systems ist der Junior Music Course f\u00fcr 4-j\u00e4hrige Kinder, dem der Junior Extension Course und der Junior Advanced Course folgen.<\/p>\n<p>Kinder im Alter von 4-6 Jahren erleben eine Phase der raschen Entwicklung ihrer H\u00f6rf\u00e4higkeiten. Sie pr\u00e4gen in diesem Lebensabschnitt besonders ihre sprachlichen F\u00e4higkeiten aus und k\u00f6nnen sich z. B. besonders schnell an alle T\u00f6ne und Worte erinnern, die sie zum ersten Mal h\u00f6ren. Die vielf\u00e4ltige Kontaktaufnahme mit Musik &#8211; durch H\u00f6ren, Singen und Spielen &#8211; erm\u00f6glicht ihnen, an diesem entscheidenden Punkt in ihrem Leben ein grundlegendes Verst\u00e4ndnis f\u00fcr Musik.<\/p>\n<p>Der Lehrplan des Yamaha Music Education System basiert auf einer ganzheitlichen musikalischen Ausbildung mit einem speziellen Fokus auf die Entwicklung der Kreativit\u00e4t eines jeden Kindes.<\/p>\n<p><a class=\"courselink\" href=\"http:\/\/musikschule-wrede.de\/?page_id=71\">&#8222;Junior Music Course&#8220; (von 4 bis 6 Jahren) <img loading=\"lazy\" src=\"file:\/\/\/C:\/Users\/Annelie\/Documents\/Yamaha%20Wrede\/media\/images\/arrow_right_big.png\" alt=\"\" width=\"17\" height=\"14\" \/><\/a><\/p>\n<p><a class=\"courselink\" href=\"http:\/\/musikschule-wrede.de\/?page_id=147\">&#8222;Junior Extension Course&#8220; (von 6 bis 8 Jahren) <img loading=\"lazy\" src=\"file:\/\/\/C:\/Users\/Annelie\/Documents\/Yamaha%20Wrede\/media\/images\/arrow_right_big.png\" alt=\"\" width=\"17\" height=\"14\" \/><\/a><\/p>\n<p><a class=\"courselink\" href=\"http:\/\/musikschule-wrede.de\/?page_id=150\">&#8222;Junior Advanced Course&#8220; (von 8 bis 10 Jahren) <img loading=\"lazy\" src=\"file:\/\/\/C:\/Users\/Annelie\/Documents\/Yamaha%20Wrede\/media\/images\/arrow_right_big.png\" alt=\"\" width=\"17\" height=\"14\" \/><\/a><\/p>\n<\/div>\n","protected":false},"excerpt":{"rendered":"<p>Das Yamaha Music Education System besteht aus einem systematischen Curriculum f\u00fcr Kinder im Vorschul- und Schulalter, das einen Zeitraum von sieben Jahren umfasst. Grundlage oder \u201eHerzst\u00fcck\u201c dieses Systems ist der Junior Music Course f\u00fcr 4-j\u00e4hrige Kinder, dem der Junior Extension Course und der Junior Advanced Course folgen. Kinder im Alter von 4-6 Jahren erleben eine [&hellip;]<\/p>\n","protected":false},"author":1,"featured_media":0,"parent":0,"menu_order":0,"comment_status":"closed","ping_status":"closed","template":"","meta":[],"_links":{"self":[{"href":"http:\/\/musikschule-wrede.de\/index.php?rest_route=\/wp\/v2\/pages\/69"}],"collection":[{"href":"http:\/\/musikschule-wrede.de\/index.php?rest_route=\/wp\/v2\/pages"}],"about":[{"href":"http:\/\/musikschule-wrede.de\/index.php?rest_route=\/wp\/v2\/types\/page"}],"author":[{"embeddable":true,"href":"http:\/\/musikschule-wrede.de\/index.php?rest_route=\/wp\/v2\/users\/1"}],"replies":[{"embeddable":true,"href":"http:\/\/musikschule-wrede.de\/index.php?rest_route=%2Fwp%2Fv2%2Fcomments&post=69"}],"version-history":[{"count":5,"href":"http:\/\/musikschule-wrede.de\/index.php?rest_route=\/wp\/v2\/pages\/69\/revisions"}],"predecessor-version":[{"id":152,"href":"http:\/\/musikschule-wrede.de\/index.php?rest_route=\/wp\/v2\/pages\/69\/revisions\/152"}],"wp:attachment":[{"href":"http:\/\/musikschule-wrede.de\/index.php?rest_route=%2Fwp%2Fv2%2Fmedia&parent=69"}],"curies":[{"name":"wp","href":"https:\/\/api.w.org\/{rel}","templated":true}]}}