{"id":32,"date":"2018-06-09T15:22:39","date_gmt":"2018-06-09T15:22:39","guid":{"rendered":"http:\/\/musikschule-wrede.de\/?page_id=32"},"modified":"2018-07-10T17:55:10","modified_gmt":"2018-07-10T16:55:10","slug":"lehrer","status":"publish","type":"page","link":"http:\/\/musikschule-wrede.de\/?page_id=32","title":{"rendered":"Lehrkr\u00e4fte"},"content":{"rendered":"<p>Wir m\u00f6chten Sie bei der Verwirklichung Ihrer musikalischen Ziele unterst\u00fctzen und alles daf\u00fcr tun, dass Sie sich bei uns wohl f\u00fchlen. Unsere Lehrkr\u00e4fte sind f\u00fcr ihre Unterrichtst\u00e4tigkeit sorgf\u00e4ltig ausgebildet. Eine st\u00e4ndige Fortbildung ist f\u00fcr uns selbstverst\u00e4ndlich.<\/p>\n<p><img loading=\"lazy\" class=\"aligncenter wp-image-83 size-full\" src=\"http:\/\/musikschule-wrede.de\/wp-content\/uploads\/2018\/06\/Lehrer-2016.jpg\" alt=\"\" width=\"560\" height=\"333\" srcset=\"http:\/\/musikschule-wrede.de\/wp-content\/uploads\/2018\/06\/Lehrer-2016.jpg 560w, http:\/\/musikschule-wrede.de\/wp-content\/uploads\/2018\/06\/Lehrer-2016-300x178.jpg 300w\" sizes=\"(max-width: 560px) 100vw, 560px\" \/><\/p>\n<h4><img loading=\"lazy\" class=\"alignleft wp-image-84\" src=\"http:\/\/musikschule-wrede.de\/wp-content\/uploads\/2018\/06\/Wrede-neu.jpg\" alt=\"\" width=\"120\" height=\"142\" \/>Willi Wrede<\/h4>\n<p>Seit dem 1. April 2010 Leiter der Musikschule.<\/p>\n<p>Er unterrichtet seit 1985 an der Musikschule.<\/p>\n<p>1982 Examen f\u00fcr Kirchenmusik<br \/>\n1984 &#8211; 85 zus\u00e4tzliches Studium f\u00fcr elektronische Orgel<br \/>\nseit 1985 Berechtigung als Lehrer an einer YAMAHA &#8211; Musikschule<br \/>\nseit 1975 Organist und Chorleiter im Rietberger Raum.<\/p>\n<p>Er unterrichtet Klavier, Keyboard, Kirchenorgel und Orchester<\/p>\n<h4><img loading=\"lazy\" class=\"size-full wp-image-88 alignleft\" src=\"http:\/\/musikschule-wrede.de\/wp-content\/uploads\/2018\/06\/Lidia-Wirz.jpg\" alt=\"\" width=\"120\" height=\"130\" \/>Lydia Wirz<\/h4>\n<p>Seit 2007 unterrichtet Lydia Wirz an unserer Musikschule Kinder, Jugendliche und Erwachsene mit Erfolg im Fach Klavier. Ersten Unterricht auf diesem Instrument bekam sie im Alter von 5 Jahren in Russland, wo sie auch ihre musikalische Fachausbildung erhalten hat.<\/p>\n<p>Ihr Leitprinzip ist die Vermittlung lebenslanger Freude an der Musik als internationale Sprache.<\/p>\n<h4><img loading=\"lazy\" class=\"size-full wp-image-89 alignleft\" src=\"http:\/\/musikschule-wrede.de\/wp-content\/uploads\/2018\/06\/Shino-Funayama.jpg\" alt=\"\" width=\"120\" height=\"166\" \/>Shino Funayama<\/h4>\n<p>Mit 3 Jahren musikalische Fr\u00fcherziehung in der Yamaha Musikschule Japan.<\/p>\n<p>Studium an der P\u00e4dagogischen Hochschule Hokkaido in Sappora in Japan (Schwerpunkt Musik und Klavier).<br \/>\nDiplom als Lehrerin an der Mittel- und Oberschule (Fach Musik).<\/p>\n<p>Seit 2009 Zweitstudium der Musikwissenschaft an der Universit\u00e4t Paderborn und der Musikhochschule Detmold.<\/p>\n<p>Sie unterrichtet\u00a0 Klavier und hat die Yamaha Qualifikation f\u00fcr JMC.<\/p>\n<h4><img loading=\"lazy\" class=\"alignleft wp-image-195\" src=\"http:\/\/musikschule-wrede.de\/wp-content\/uploads\/2018\/06\/Supradit.jpg\" alt=\"\" width=\"120\" height=\"120\" \/>Supradit Jongprasert<\/h4>\n<p>Nach dem Abschluss &#8222;Bachelor of Music&#8220; mit dem Hauptfach Violine in Bangkok setzte er seine Studien in am Joseph-Haydn-Konservatorium in \u00d6sterreich fort.<\/p>\n<p>Zur Zeit studiert er im Masterstudiengang Muskwissenschaft in Paderborn. W\u00e4hrend seiner Studien hat er sich besonders f\u00fcr die Instrumentalp\u00e4dagogik interssiert, die neben der Violine zu seinen gro\u00dfen Leidenschaften geh\u00f6rt.<\/p>\n<p>Er unterricht Violine seit 2015.<\/p>\n<h4><img loading=\"lazy\" class=\"size-full wp-image-90 alignleft\" src=\"http:\/\/musikschule-wrede.de\/wp-content\/uploads\/2018\/06\/Erika-Abram.jpg\" alt=\"\" width=\"120\" height=\"139\" \/>Erika Abram<\/h4>\n<p>Mit 4 Jahren musikalische Fr\u00fcherziehung in der Yamaha Musikschule Liebold. Ersten Geigenunterricht erhielt sie mit 13 Jahren.<\/p>\n<p>2002 Abitur<br \/>\nStudium an der Universit\u00e4t Paderborn Musik und Deutsch<br \/>\n2007 &#8211; 2009 Violine im Hochschulorchester<br \/>\n2011 Yamaha Qualifikation Robbie, Kraki und JMC<\/p>\n<h4><img loading=\"lazy\" class=\"size-full wp-image-91 alignleft\" src=\"http:\/\/musikschule-wrede.de\/wp-content\/uploads\/2018\/06\/Sebastian-Bockau.jpg\" alt=\"\" width=\"120\" height=\"151\" \/>Sebastian Bockau<\/h4>\n<p>Lehramtsstudium an der Universit\u00e4t zu Paderborn f\u00fcr die F\u00e4cher Musik, Theologie und Deutsch.<br \/>\n2007 dort Abschlusspr\u00fcfungen im Hauptfach Gitarre, Musiktheorie und Geh\u00f6rbildung, Ensembleleitung sowie schulpraktischem Klavierspiel<\/p>\n<p>Er unterrichtet seit November 2012 an der Yamaha Music School<\/p>\n<h4><img loading=\"lazy\" class=\"alignleft wp-image-239\" src=\"http:\/\/musikschule-wrede.de\/wp-content\/uploads\/2018\/07\/Foto-von-Jonas-1-269x300.jpg\" alt=\"\" width=\"120\" height=\"134\" srcset=\"http:\/\/musikschule-wrede.de\/wp-content\/uploads\/2018\/07\/Foto-von-Jonas-1-269x300.jpg 269w, http:\/\/musikschule-wrede.de\/wp-content\/uploads\/2018\/07\/Foto-von-Jonas-1.jpg 675w\" sizes=\"(max-width: 120px) 100vw, 120px\" \/>Tingting Huang<\/h4>\n<p>Nach einem Bachalor-Studium in Musikp\u00e4dagogik in China und einem Masterstudium in Musikwissenschaft an der Universit\u00e4t Paderborn unterrichtet sie seit 2016 an einem Gymnasium Musik. Sie leitet einen deutsch-chinesischen Chor und gibt Unterricht in Klavier und Gesang. Seit 2015 unterrichtet sie in der Yamaha-Musikschule Klavier.<\/p>\n<p>&nbsp;<\/p>\n<h4>Karin Henkemeier<\/h4>\n<p>Sie unterrichtet musikalische Fr\u00fcherziehung<\/p>\n<h4><img loading=\"lazy\" class=\"size-full wp-image-92 alignleft\" src=\"http:\/\/musikschule-wrede.de\/wp-content\/uploads\/2018\/06\/annelie.jpg\" alt=\"\" width=\"120\" height=\"120\" \/>Annelie Westhoff<\/h4>\n<p>Sie ist f\u00fcr die Koordination des Schulablaufs verantwortlich und die zentrale Ansprechpartnerin f\u00fcr Lehrer, Eltern und Sch\u00fcler.<\/p>\n<p>Sie pflegt unseren Internetauftritt.<\/p>\n<p>&nbsp;<\/p>\n<p>\u200b<\/p>\n<p>&nbsp;<\/p>\n","protected":false},"excerpt":{"rendered":"<p>Wir m\u00f6chten Sie bei der Verwirklichung Ihrer musikalischen Ziele unterst\u00fctzen und alles daf\u00fcr tun, dass Sie sich bei uns wohl f\u00fchlen. Unsere Lehrkr\u00e4fte sind f\u00fcr ihre Unterrichtst\u00e4tigkeit sorgf\u00e4ltig ausgebildet. Eine st\u00e4ndige Fortbildung ist f\u00fcr uns selbstverst\u00e4ndlich. Willi Wrede Seit dem 1. April 2010 Leiter der Musikschule. Er unterrichtet seit 1985 an der Musikschule. 1982 Examen [&hellip;]<\/p>\n","protected":false},"author":1,"featured_media":0,"parent":0,"menu_order":0,"comment_status":"closed","ping_status":"closed","template":"","meta":[],"_links":{"self":[{"href":"http:\/\/musikschule-wrede.de\/index.php?rest_route=\/wp\/v2\/pages\/32"}],"collection":[{"href":"http:\/\/musikschule-wrede.de\/index.php?rest_route=\/wp\/v2\/pages"}],"about":[{"href":"http:\/\/musikschule-wrede.de\/index.php?rest_route=\/wp\/v2\/types\/page"}],"author":[{"embeddable":true,"href":"http:\/\/musikschule-wrede.de\/index.php?rest_route=\/wp\/v2\/users\/1"}],"replies":[{"embeddable":true,"href":"http:\/\/musikschule-wrede.de\/index.php?rest_route=%2Fwp%2Fv2%2Fcomments&post=32"}],"version-history":[{"count":12,"href":"http:\/\/musikschule-wrede.de\/index.php?rest_route=\/wp\/v2\/pages\/32\/revisions"}],"predecessor-version":[{"id":241,"href":"http:\/\/musikschule-wrede.de\/index.php?rest_route=\/wp\/v2\/pages\/32\/revisions\/241"}],"wp:attachment":[{"href":"http:\/\/musikschule-wrede.de\/index.php?rest_route=%2Fwp%2Fv2%2Fmedia&parent=32"}],"curies":[{"name":"wp","href":"https:\/\/api.w.org\/{rel}","templated":true}]}}

Lehrkräfte

<p>Wir möchten Sie bei der Verwirklichung Ihrer musikalischen Ziele unterstützen und alles dafür tun, dass Sie sich bei uns wohl fühlen. Unsere Lehrkräfte sind für ihre Unterrichtstätigkeit sorgfältig ausgebildet. Eine ständige Fortbildung ist für uns selbstverständlich.</p>
<p><img loading="lazy" class="aligncenter wp-image-83 size-full" src="http://musikschule-wrede.de/wp-content/uploads/2018/06/Lehrer-2016.jpg" alt="" width="560" height="333" srcset="http://musikschule-wrede.de/wp-content/uploads/2018/06/Lehrer-2016.jpg 560w, http://musikschule-wrede.de/wp-content/uploads/2018/06/Lehrer-2016-300x178.jpg 300w" sizes="(max-width: 560px) 100vw, 560px" /></p>
<h4><img loading="lazy" class="alignleft wp-image-84" src="http://musikschule-wrede.de/wp-content/uploads/2018/06/Wrede-neu.jpg" alt="" width="120" height="142" />Willi Wrede</h4>
<p>Seit dem 1. April 2010 Leiter der Musikschule.</p>
<p>Er unterrichtet seit 1985 an der Musikschule.</p>
<p>1982 Examen für Kirchenmusik<br />
1984 &#8211; 85 zusätzliches Studium für elektronische Orgel<br />
seit 1985 Berechtigung als Lehrer an einer YAMAHA &#8211; Musikschule<br />
seit 1975 Organist und Chorleiter im Rietberger Raum.</p>
<p>Er unterrichtet Klavier, Keyboard, Kirchenorgel und Orchester</p>
<h4><img loading="lazy" class="size-full wp-image-88 alignleft" src="http://musikschule-wrede.de/wp-content/uploads/2018/06/Lidia-Wirz.jpg" alt="" width="120" height="130" />Lydia Wirz</h4>
<p>Seit 2007 unterrichtet Lydia Wirz an unserer Musikschule Kinder, Jugendliche und Erwachsene mit Erfolg im Fach Klavier. Ersten Unterricht auf diesem Instrument bekam sie im Alter von 5 Jahren in Russland, wo sie auch ihre musikalische Fachausbildung erhalten hat.</p>
<p>Ihr Leitprinzip ist die Vermittlung lebenslanger Freude an der Musik als internationale Sprache.</p>
<h4><img loading="lazy" class="size-full wp-image-89 alignleft" src="http://musikschule-wrede.de/wp-content/uploads/2018/06/Shino-Funayama.jpg" alt="" width="120" height="166" />Shino Funayama</h4>
<p>Mit 3 Jahren musikalische Früherziehung in der Yamaha Musikschule Japan.</p>
<p>Studium an der Pädagogischen Hochschule Hokkaido in Sappora in Japan (Schwerpunkt Musik und Klavier).<br />
Diplom als Lehrerin an der Mittel- und Oberschule (Fach Musik).</p>
<p>Seit 2009 Zweitstudium der Musikwissenschaft an der Universität Paderborn und der Musikhochschule Detmold.</p>
<p>Sie unterrichtet  Klavier und hat die Yamaha Qualifikation für JMC.</p>
<h4><img loading="lazy" class="alignleft wp-image-195" src="http://musikschule-wrede.de/wp-content/uploads/2018/06/Supradit.jpg" alt="" width="120" height="120" />Supradit Jongprasert</h4>
<p>Nach dem Abschluss &#8222;Bachelor of Music&#8220; mit dem Hauptfach Violine in Bangkok setzte er seine Studien in am Joseph-Haydn-Konservatorium in Österreich fort.</p>
<p>Zur Zeit studiert er im Masterstudiengang Muskwissenschaft in Paderborn. Während seiner Studien hat er sich besonders für die Instrumentalpädagogik interssiert, die neben der Violine zu seinen großen Leidenschaften gehört.</p>
<p>Er unterricht Violine seit 2015.</p>
<h4><img loading="lazy" class="size-full wp-image-90 alignleft" src="http://musikschule-wrede.de/wp-content/uploads/2018/06/Erika-Abram.jpg" alt="" width="120" height="139" />Erika Abram</h4>
<p>Mit 4 Jahren musikalische Früherziehung in der Yamaha Musikschule Liebold. Ersten Geigenunterricht erhielt sie mit 13 Jahren.</p>
<p>2002 Abitur<br />
Studium an der Universität Paderborn Musik und Deutsch<br />
2007 &#8211; 2009 Violine im Hochschulorchester<br />
2011 Yamaha Qualifikation Robbie, Kraki und JMC</p>
<h4><img loading="lazy" class="size-full wp-image-91 alignleft" src="http://musikschule-wrede.de/wp-content/uploads/2018/06/Sebastian-Bockau.jpg" alt="" width="120" height="151" />Sebastian Bockau</h4>
<p>Lehramtsstudium an der Universität zu Paderborn für die Fächer Musik, Theologie und Deutsch.<br />
2007 dort Abschlussprüfungen im Hauptfach Gitarre, Musiktheorie und Gehörbildung, Ensembleleitung sowie schulpraktischem Klavierspiel</p>
<p>Er unterrichtet seit November 2012 an der Yamaha Music School</p>
<h4><img loading="lazy" class="alignleft wp-image-239" src="http://musikschule-wrede.de/wp-content/uploads/2018/07/Foto-von-Jonas-1-269x300.jpg" alt="" width="120" height="134" srcset="http://musikschule-wrede.de/wp-content/uploads/2018/07/Foto-von-Jonas-1-269x300.jpg 269w, http://musikschule-wrede.de/wp-content/uploads/2018/07/Foto-von-Jonas-1.jpg 675w" sizes="(max-width: 120px) 100vw, 120px" />Tingting Huang</h4>
<p>Nach einem Bachalor-Studium in Musikpädagogik in China und einem Masterstudium in Musikwissenschaft an der Universität Paderborn unterrichtet sie seit 2016 an einem Gymnasium Musik. Sie leitet einen deutsch-chinesischen Chor und gibt Unterricht in Klavier und Gesang. Seit 2015 unterrichtet sie in der Yamaha-Musikschule Klavier.</p>
<p>&nbsp;</p>
<h4>Karin Henkemeier</h4>
<p>Sie unterrichtet musikalische Früherziehung</p>
<h4><img loading="lazy" class="size-full wp-image-92 alignleft" src="http://musikschule-wrede.de/wp-content/uploads/2018/06/annelie.jpg" alt="" width="120" height="120" />Annelie Westhoff</h4>
<p>Sie ist für die Koordination des Schulablaufs verantwortlich und die zentrale Ansprechpartnerin für Lehrer, Eltern und Schüler.</p>
<p>Sie pflegt unseren Internetauftritt.</p>
<p>&nbsp;</p>
<p>​</p>
<p>&nbsp;</p>

<p>Wir möchten Sie bei der Verwirklichung Ihrer musikalischen Ziele unterstützen und alles dafür tun, dass Sie sich bei uns wohl fühlen. Unsere Lehrkräfte sind für ihre Unterrichtstätigkeit sorgfältig ausgebildet. Eine ständige Fortbildung ist für uns selbstverständlich. Willi Wrede Seit dem 1. April 2010 Leiter der Musikschule. Er unterrichtet seit 1985 an der Musikschule. 1982 Examen [&hellip;]</p>
